{"id":410,"date":"2014-11-27T16:48:38","date_gmt":"2014-11-27T15:48:38","guid":{"rendered":"http:\/\/www.calculmentalcoursan.fr\/?page_id=410"},"modified":"2014-12-26T09:00:17","modified_gmt":"2014-12-26T08:00:17","slug":"2010-2011","status":"publish","type":"page","link":"https:\/\/www.calculmentalcoursan.fr\/?page_id=410","title":{"rendered":"2010 &#8211; 2011"},"content":{"rendered":"<h2><small>La Finale s&rsquo;est d\u00e9roul\u00e9e le mercredi 20 avril 2011 \u00e0 la salle des F\u00eates du\u00a0 Palais des Sports, des Arts, et du Travail de la ville de Narbonne, sous la pr\u00e9sidence de M. Andrieu, Principale du coll\u00e8ge Les Mailheuls et en pr\u00e9sence de :<\/small><\/h2>\n<h3><small> M. C. Faure, I.A. I.P.R. de math\u00e9matiques, d&rsquo;une d\u00e9l\u00e9gation de la D.A.A.C. (Rectorat de Montpellier), de membres de l&rsquo;Inspection Acad\u00e9mique de l&rsquo;Aude (circonscriptions de Narbonne), de Chefs d&rsquo;Etablissements, de repr\u00e9sentants des collectivit\u00e9s de rattachement des \u00e9tablissements, de nombreux professeurs d&rsquo;\u00e9cole.<\/small><\/h3>\n<p><small>Le concours a \u00e9t\u00e9 pr\u00e9sent\u00e9 \u00e0 des professeurs des \u00e9coles lors d&rsquo;une animation \u00ab\u00a0calcul mental\u00a0\u00bb organis\u00e9e par les circonscriptions Narbonne I et II<\/small>, <small>ce qui a entra\u00een\u00e9 \u00a0une augmentation sensible du nombre d&rsquo;inscriptions d&rsquo;\u00e9coles primaires.<\/small><\/p>\n<p><small>Pr\u00e8s de 180 \u00e9l\u00e8ves ont compos\u00e9 lors de cette finale durant les 7 minutes de l&rsquo;\u00e9preuve puis, le temps de la correction, ont pu profiter d&rsquo;une collation avant la remise des prix.<\/small><\/p>\n<p><small>Nous remercions pour leur participation :<\/small><\/p>\n<p>La ville de Narbonne et la communaut\u00e9 d&rsquo;agglom\u00e9ration<\/p>\n<p>La D.A.A.C. (Acad\u00e9mie de Montpellier)<\/p>\n<p><small>Les Chefs d&rsquo;Etablissements et enseignants des \u00e9coles &#8211; coll\u00e8ges &#8211; lyc\u00e9es ayant particip\u00e9 \u00e0 cette \u00e9preuve.<\/small><br \/>\n<small><br \/>\nL&rsquo;A.P.M.E.P. (Association des Professeurs de Math\u00e9matiques de l&rsquo;Enseignement Public)<\/small><\/p>\n<p>Les \u00e9ditions A.C.L.<\/p>\n<p>La MAIF<\/p>\n<p>Acti-City<\/p>\n<p>L&rsquo;Imprimerie Gavanon<\/p>\n<p>Boulangerie \u00ab\u00a0Au si bel \u00e9pi\u00a0\u00bb (Coursan) ; Carrefour (Narbonne) ; Comptoir Central Electrique (Narbonne) ; Papeterie Breithaup (Carcassonne) ; Super U (Coursan) ; Transgourmet.<\/p>\n<p>Ainsi que les agents et enseignants ayant \u0153uvr\u00e9 avant, pendant et apr\u00e8s la manifestation.<\/p>\n<h2><span style=\"text-decoration: underline;\">Les participants<\/span>\u00a0:<\/h2>\n<h3>Pr\u00e8s de 3500 \u00e9l\u00e8ves ont particip\u00e9 aux premi\u00e8res s\u00e9lections. 180 qualifi\u00e9s pour la finale<\/h3>\n<p><span style=\"text-decoration: underline;\"><em><strong><span style=\"color: #993366;\">Lyc\u00e9es<\/span><\/strong><\/em><\/span><span style=\"color: #993366;\">\u00a0<span style=\"color: #000000;\">(2)\u00a0<\/span><span style=\"color: #000000;\">: Narbonne : \u00a0Diderot (2Egt) et Eiffel (2Pro)<\/span><\/span><\/p>\n<p><span style=\"color: #0000ff;\"><em><span style=\"text-decoration: underline;\"><strong><span style=\"color: #3366ff;\">C<\/span><span style=\"color: #3366ff;\">oll\u00e8ges<\/span><\/strong><\/span><\/em><\/span><span style=\"color: #0000ff;\"><span style=\"color: #000000;\">\u00a0(11) :<\/span> <span style=\"color: #000000;\">Carcassonne : Chenier, Grazailles et Varsovie ; Coursan ; L\u00e9zignan-Corbi\u00e8res ; Narbonne : Cit\u00e9, \u00a0Ferry, Montesquieu et Hugo ; K&amp;M. Krafft (B\u00e9ziers) ; St Nazaire d&rsquo;Aude<\/span><\/span><\/p>\n<p><span style=\"color: #000000;\"><strong><span style=\"text-decoration: underline;\"><span style=\"color: #ff0000;\">Ecoles<\/span><\/span><\/strong> (17) : Ecole L. Ich\u00e9 (Sall\u00e8les d&rsquo;Aude)\u00a0; Ecole de Pouzols-Minervois\u00a0; Ecole J. Mac\u00e9 (Narbonne)\u00a0;Ecole Y. Pelissier (Cuxac d&rsquo;Aude)\u00a0;\u00a0Ecole de Marcorignan\u00a0; Ecole R. Cassin (Armissan)\u00a0;Ecole A. Signoles (Salles d&rsquo;Aude)\u00a0; Ecole de Gruissan\u00a0; Ecole de Bizanet\u00a0;\u00a0Ecole Lakanal (Narbonne)\u00a0; Ecole Jean Jaures (Narbonne)\u00a0; Ecole Cezelli (Narbonne)\u00a0;\u00a0Ecole A. Malraux (Fleury)\u00a0;\u00a0Ecole R. Chavernac (Coursan)\u00a0; Ecole d&rsquo;Ouveillan\u00a0;\u00a0Ecole J. Miquel (Coursan)\u00a0; Ecole de Bize-Minervois<\/span><\/p>\n<h2>Palmar\u00e8s<\/h2>\n<p><a href=\"http:\/\/www.calculmentalcoursan.fr\/wp-content\/uploads\/2014\/11\/Palmares_2011.pdf\" target=\"_blank\">Palmar\u00e8s complet 2011<\/a><\/p>\n<h2>Sujets<\/h2>\n<p><a href=\"http:\/\/www.calculmentalcoursan.fr\/wp-content\/uploads\/2014\/06\/sujets_demifinale111.pdf\" target=\"_blank\">Sujets demifinale11<\/a>\u00a0 \u00a0 \u00a0 \u00a0 \u00a0 \u00a0 \u00a0 \u00a0 \u00a0 \u00a0\u00a0<a href=\"http:\/\/www.calculmentalcoursan.fr\/wp-content\/uploads\/2014\/06\/sujets_finale111.pdf\" target=\"_blank\">Sujets finale 2011<\/a><\/p>\n","protected":false},"excerpt":{"rendered":"<p>La Finale s&rsquo;est d\u00e9roul\u00e9e le mercredi 20 avril 2011 \u00e0 la salle des F\u00eates du\u00a0 Palais des Sports, des Arts, et du Travail de la ville de Narbonne, sous la pr\u00e9sidence de M. Andrieu, Principale du coll\u00e8ge Les Mailheuls et &hellip; <a href=\"https:\/\/www.calculmentalcoursan.fr\/?page_id=410\">Continuer la lecture <span class=\"meta-nav\">&rarr;<\/span><\/a><\/p>\n","protected":false},"author":2,"featured_media":0,"parent":16,"menu_order":0,"comment_status":"closed","ping_status":"open","template":"","meta":[],"_links":{"self":[{"href":"https:\/\/www.calculmentalcoursan.fr\/index.php?rest_route=\/wp\/v2\/pages\/410"}],"collection":[{"href":"https:\/\/www.calculmentalcoursan.fr\/index.php?rest_route=\/wp\/v2\/pages"}],"about":[{"href":"https:\/\/www.calculmentalcoursan.fr\/index.php?rest_route=\/wp\/v2\/types\/page"}],"author":[{"embeddable":true,"href":"https:\/\/www.calculmentalcoursan.fr\/index.php?rest_route=\/wp\/v2\/users\/2"}],"replies":[{"embeddable":true,"href":"https:\/\/www.calculmentalcoursan.fr\/index.php?rest_route=%2Fwp%2Fv2%2Fcomments&post=410"}],"version-history":[{"count":24,"href":"https:\/\/www.calculmentalcoursan.fr\/index.php?rest_route=\/wp\/v2\/pages\/410\/revisions"}],"predecessor-version":[{"id":537,"href":"https:\/\/www.calculmentalcoursan.fr\/index.php?rest_route=\/wp\/v2\/pages\/410\/revisions\/537"}],"up":[{"embeddable":true,"href":"https:\/\/www.calculmentalcoursan.fr\/index.php?rest_route=\/wp\/v2\/pages\/16"}],"wp:attachment":[{"href":"https:\/\/www.calculmentalcoursan.fr\/index.php?rest_route=%2Fwp%2Fv2%2Fmedia&parent=410"}],"curies":[{"name":"wp","href":"https:\/\/api.w.org\/{rel}","templated":true}]}}

<h2><small>La Finale s&rsquo;est déroulée le mercredi 20 avril 2011 à la salle des Fêtes du  Palais des Sports, des Arts, et du Travail de la ville de Narbonne, sous la présidence de M. Andrieu, Principale du collège Les Mailheuls et en présence de :</small></h2>
<h3><small> M. C. Faure, I.A. I.P.R. de mathématiques, d&rsquo;une délégation de la D.A.A.C. (Rectorat de Montpellier), de membres de l&rsquo;Inspection Académique de l&rsquo;Aude (circonscriptions de Narbonne), de Chefs d&rsquo;Etablissements, de représentants des collectivités de rattachement des établissements, de nombreux professeurs d&rsquo;école.</small></h3>
<p><small>Le concours a été présenté à des professeurs des écoles lors d&rsquo;une animation « calcul mental » organisée par les circonscriptions Narbonne I et II</small>, <small>ce qui a entraîné  une augmentation sensible du nombre d&rsquo;inscriptions d&rsquo;écoles primaires.</small></p>
<p><small>Près de 180 élèves ont composé lors de cette finale durant les 7 minutes de l&rsquo;épreuve puis, le temps de la correction, ont pu profiter d&rsquo;une collation avant la remise des prix.</small></p>
<p><small>Nous remercions pour leur participation :</small></p>
<p>La ville de Narbonne et la communauté d&rsquo;agglomération</p>
<p>La D.A.A.C. (Académie de Montpellier)</p>
<p><small>Les Chefs d&rsquo;Etablissements et enseignants des écoles &#8211; collèges &#8211; lycées ayant participé à cette épreuve.</small><br />
<small><br />
L&rsquo;A.P.M.E.P. (Association des Professeurs de Mathématiques de l&rsquo;Enseignement Public)</small></p>
<p>Les éditions A.C.L.</p>
<p>La MAIF</p>
<p>Acti-City</p>
<p>L&rsquo;Imprimerie Gavanon</p>
<p>Boulangerie « Au si bel épi » (Coursan) ; Carrefour (Narbonne) ; Comptoir Central Electrique (Narbonne) ; Papeterie Breithaup (Carcassonne) ; Super U (Coursan) ; Transgourmet.</p>
<p>Ainsi que les agents et enseignants ayant œuvré avant, pendant et après la manifestation.</p>
<h2><span style="text-decoration: underline;">Les participants</span> :</h2>
<h3>Près de 3500 élèves ont participé aux premières sélections. 180 qualifiés pour la finale</h3>
<p><span style="text-decoration: underline;"><em><strong><span style="color: #993366;">Lycées</span></strong></em></span><span style="color: #993366;"> <span style="color: #000000;">(2) </span><span style="color: #000000;">: Narbonne :  Diderot (2Egt) et Eiffel (2Pro)</span></span></p>
<p><span style="color: #0000ff;"><em><span style="text-decoration: underline;"><strong><span style="color: #3366ff;">C</span><span style="color: #3366ff;">ollèges</span></strong></span></em></span><span style="color: #0000ff;"><span style="color: #000000;"> (11) :</span> <span style="color: #000000;">Carcassonne : Chenier, Grazailles et Varsovie ; Coursan ; Lézignan-Corbières ; Narbonne : Cité,  Ferry, Montesquieu et Hugo ; K&amp;M. Krafft (Béziers) ; St Nazaire d&rsquo;Aude</span></span></p>
<p><span style="color: #000000;"><strong><span style="text-decoration: underline;"><span style="color: #ff0000;">Ecoles</span></span></strong> (17) : Ecole L. Iché (Sallèles d&rsquo;Aude) ; Ecole de Pouzols-Minervois ; Ecole J. Macé (Narbonne) ;Ecole Y. Pelissier (Cuxac d&rsquo;Aude) ; Ecole de Marcorignan ; Ecole R. Cassin (Armissan) ;Ecole A. Signoles (Salles d&rsquo;Aude) ; Ecole de Gruissan ; Ecole de Bizanet ; Ecole Lakanal (Narbonne) ; Ecole Jean Jaures (Narbonne) ; Ecole Cezelli (Narbonne) ; Ecole A. Malraux (Fleury) ; Ecole R. Chavernac (Coursan) ; Ecole d&rsquo;Ouveillan ; Ecole J. Miquel (Coursan) ; Ecole de Bize-Minervois</span></p>
<h2>Palmarès</h2>
<p><a href="http://www.calculmentalcoursan.fr/wp-content/uploads/2014/11/Palmares_2011.pdf" target="_blank">Palmarès complet 2011</a></p>
<h2>Sujets</h2>
<p><a href="http://www.calculmentalcoursan.fr/wp-content/uploads/2014/06/sujets_demifinale111.pdf" target="_blank">Sujets demifinale11</a>                    <a href="http://www.calculmentalcoursan.fr/wp-content/uploads/2014/06/sujets_finale111.pdf" target="_blank">Sujets finale 2011</a></p>

<p>La Finale s&rsquo;est déroulée le mercredi 20 avril 2011 à la salle des Fêtes du  Palais des Sports, des Arts, et du Travail de la ville de Narbonne, sous la présidence de M. Andrieu, Principale du collège Les Mailheuls et &hellip; <a href="https://www.calculmentalcoursan.fr/?page_id=410">Continuer la lecture <span class="meta-nav">&rarr;</span></a></p>
