{"id":72,"date":"2014-05-07T09:05:28","date_gmt":"2014-05-07T07:05:28","guid":{"rendered":"http:\/\/calculmentalcoursan.free.fr\/?page_id=72"},"modified":"2019-09-28T12:09:21","modified_gmt":"2019-09-28T10:09:21","slug":"2013-2014","status":"publish","type":"page","link":"https:\/\/www.calculmentalcoursan.fr\/?page_id=72","title":{"rendered":"2013 &#8211; 2014"},"content":{"rendered":"<h2>Historique<\/h2>\n<p>La finale de l&rsquo;\u00e9dition 2014 s&rsquo;est d\u00e9roul\u00e9e le mercredi 16 avril 2014 au Palais des Sports des Arts et du Travail de la ville de Narbonne, sous la pr\u00e9sidence de M. Lamberte, Principal du coll\u00e8ge Les Mailheuls (Coursan) et de son adjointe, Mme Hadji,\u00a0<span style=\"color: #000000;\">en pr\u00e9sence de\u00a0: M. C. TEJEDO, charg\u00e9 de mission CAST, repr\u00e9sentant l&rsquo;Inspection de math\u00e9matiques de l&rsquo;Acad\u00e9mie de Montpellier, de Mme Basti\u00e9, CPAIEN, de M. Alvarez, adjoint \u00e0 l&rsquo;enseignement de la mairie de Narbonne, M. Rocher, maire de Coursan, M. Chartreux, adjoint \u00e0 l&rsquo;enseignement de la mairie de Coursan, Mme Fabry, repr\u00e9sentant M. Pla, conseiller g\u00e9n\u00e9ral du canton de Coursan, M. Mouysset, repr\u00e9sentant la MAIF, M. Garcia, repr\u00e9sentant la MGEN.<\/span><\/p>\n<p><span style=\"color: #000000;\">Cette finale a regroup\u00e9 plus de 200 \u00e9l\u00e8ves, provenant de 35 \u00e9tablissements diff\u00e9rents de l&rsquo;Aude et de l&rsquo;H\u00e9rault (21 \u00e9coles primaires, 13 coll\u00e8ges dont 1 segpa, 1 lyc\u00e9e d&rsquo;enseignement g\u00e9n\u00e9ral et technologique, 1 lyc\u00e9e professionnel)<\/span><\/p>\n<p><span style=\"color: #000000;\">Apr\u00e8s avoir \u00e9t\u00e9 s\u00e9lectionn\u00e9s lors des demi-finales (qui se sont d\u00e9roul\u00e9es fin mars), les \u00e9l\u00e8ves ont planch\u00e9 pendant 7 minutes sur des sujets comprenant 24 \u00e0 32 calculs selon les niveaux.<\/span><\/p>\n<p><span style=\"color: #000000;\">Suite \u00e0 la passation de l&rsquo;\u00e9preuve, les participants ont pu profiter d&rsquo;une collation pendant que les nombreux enseignants pr\u00e9sents corrigeaient les copies (double correction obligatoire, d\u00e9partages de certains ex-\u00e6quo). <\/span><\/p>\n<p><span style=\"color: #000000;\">S&rsquo;en est suivie la proclamation des r\u00e9sultats et la remise des prix pour les \u00e9l\u00e8ves les plus m\u00e9ritants, en particulier avec des scores impressionnants\u00a0: 32 \/ 32 en 6\u00e8me pour le vainqueur, 31 \/ 32 pour la suivante, 2 ex-\u00e6quo en CM2 (provenant de la m\u00eame \u00e9cole\u00a0! ) avec 27 \/ 28.<\/span><\/p>\n<p><span style=\"color: #000000;\">Tous les \u00e9l\u00e8ves pr\u00e9sents se sont vus remettre au moins un dipl\u00f4me et deux revues math\u00e9matiques \u00e9dit\u00e9es par les \u00e9ditions ACL. Et les meilleurs ont pu conna\u00eetre un petit moment de gloire (allant m\u00eame jusqu&rsquo;aux larmes, tant l&rsquo;\u00e9motion fut grande pour un des vainqueurs du niveau CM2) en montant sur la sc\u00e8ne pour \u00eatre f\u00e9licit\u00e9s.<\/span><\/p>\n<h3><small><big>Nous remercions pour leur participation :<\/big><\/small> La ville de Narbonne et la Communaut\u00e9 d\u2019Agglom\u00e9ration, la direction du Palais des Sports, des Arts et du Travail<\/h3>\n<p>L\u2019Inspection de Math\u00e9matiques de l\u2019Acad\u00e9mie de Montpellier, le p\u00f4le CAST de l&rsquo;acad\u00e9mie de Montpellier, les IEN de Narbonne<\/p>\n<p>Les Chefs d\u2019Etablissements et enseignants des \u00e9coles \u2013 coll\u00e8ges \u2013 lyc\u00e9es ayant particip\u00e9 \u00e0 cette \u00e9preuve<br \/>\nL\u2019A.P.M.E.P. (Association des Professeurs de Math\u00e9matiques de l\u2019Enseignement Public)<br \/>\nLes \u00e9ditions A.C.L. \u2013\u00a0La MGEN \u2013\u00a0La MAIF \u2013 \u00a0Acti-City \u2013\u00a0L\u2019Imprimerie Gavanon \u2013 M\u00e9ga C.G.R. Narbonne \u2013 \u00a0 \u00a0Le Mus\u00e9e des Dinosaures (Esp\u00e9raza) \u2013\u00a0Boulangerie \u00ab\u00a0Au si bel \u00e9pi\u00a0\u00bb (Coursan) &#8211; L&rsquo;Espace Libert\u00e9 (Narbonne) &#8211; Le centre de voile de Narbonne La Nautique<\/p>\n<p>Ainsi que les agents et enseignants ayant \u0153uvr\u00e9 avant, pendant et apr\u00e8s la manifestation.<\/p>\n<h2>Les participants :<\/h2>\n<p><em><strong><span style=\"text-decoration: underline;\"><span style=\"color: #ff0000;\">Ecoles<\/span><\/span><\/strong><\/em>\u00a0(21) : <span style=\"color: #000000;\">Armissan <\/span>; Bages\/Prat-de-Cest ; Bizanet ; Bize-Minervois ; Coursan Chavernac et Miquel ; Cuxac d&rsquo;Aude ; Fleury d&rsquo;Aude ; Gruissan ; Marcorignan ; Mirepeisset ; Moussan ; Narbonne C\u00e9zelli et Jaur\u00e8s ; Ouveillan ; Pouzols-Minervois ; St Marcel\/Aude ; St Nazaire d&rsquo;Aude ; Sall\u00e8les d&rsquo;Aude ; Salles d&rsquo;Aude ; Vinassan<\/p>\n<p><span style=\"color: #0000ff;\"><em><span style=\"text-decoration: underline;\"><strong><span style=\"color: #3366ff;\">C<\/span><span style=\"color: #3366ff;\">oll\u00e8ges<\/span><\/strong><\/span><\/em><\/span><span style=\"color: #0000ff;\"><span style=\"color: #000000;\">\u00a0(13):<\/span> <span style=\"color: #000000;\">Carcassonne : Bastion, Grazailles et Varsovie ; Castelnaudary B. D&rsquo;Auriol ; Coursan ; L\u00e9zignan-Corbi\u00e8res ; Narbonne : Cit\u00e9, \u00a0Ferry, Montesquieu et Hugo ; Quarante (34) ; Rieux-Minervois ; St Nazaire d&rsquo;Aude<\/span><\/span><\/p>\n<p><span style=\"text-decoration: underline;\"><em><strong><span style=\"color: #993366;\">Lyc\u00e9es<\/span><\/strong><\/em><\/span><span style=\"color: #993366;\">\u00a0<span style=\"color: #000000;\">(2)<\/span><span style=\"color: #000000;\">: Narbonne : \u00a0Diderot (2Egt) et Eiffel (2Pro)<\/span><\/span><\/p>\n<h2>Palmar\u00e8s<\/h2>\n<p><a href=\"http:\/\/calculmentalcoursan.free.fr\/wp-content\/uploads\/2014\/05\/palm_cm2_14.pdf\" target=\"_blank\" rel=\"noopener\">palmar\u00e8s_cm2_2014<\/a><\/p>\n<p><a href=\"http:\/\/calculmentalcoursan.free.fr\/wp-content\/uploads\/2014\/05\/palm_niv6_14.pdf\" target=\"_blank\" rel=\"noopener\">palmar\u00e8s_sixi\u00e8mes_2014<\/a><\/p>\n<p><a href=\"http:\/\/calculmentalcoursan.free.fr\/wp-content\/uploads\/2014\/05\/palm_niv5_14.pdf\" target=\"_blank\" rel=\"noopener\">palmar\u00e8s_cinqui\u00e8mes_2014<\/a><\/p>\n<p><a href=\"http:\/\/calculmentalcoursan.free.fr\/wp-content\/uploads\/2014\/05\/palm_niv4_14.pdf\" target=\"_blank\" rel=\"noopener\">palmar\u00e8s_quatri\u00e8mes-2014<\/a><\/p>\n<p><a href=\"http:\/\/calculmentalcoursan.free.fr\/wp-content\/uploads\/2014\/05\/palm_niv3_14.pdf\" target=\"_blank\" rel=\"noopener\">palmar\u00e8s_troisi\u00e8mes_2014<\/a><\/p>\n<p><a href=\"http:\/\/calculmentalcoursan.free.fr\/wp-content\/uploads\/2014\/05\/palm_niv2_14.pdf\" target=\"_blank\" rel=\"noopener\">palmar\u00e8s_secondes_2014<\/a><\/p>\n<p><a href=\"http:\/\/calculmentalcoursan.free.fr\/wp-content\/uploads\/2014\/05\/palm_SEGPA_14.pdf\" target=\"_blank\" rel=\"noopener\">palmar\u00e8s_SEGPA_2014<\/a><\/p>\n<h2>Sujets<\/h2>\n<p><a href=\"http:\/\/calculmentalcoursan.free.fr\/wp-content\/uploads\/2014\/05\/sujets_demifinale14.pdf\" target=\"_blank\" rel=\"noopener\">sujets_demifinale 2014<\/a><\/p>\n<p><a href=\"http:\/\/calculmentalcoursan.free.fr\/wp-content\/uploads\/2014\/05\/sujets_finale14.pdf\" target=\"_blank\" rel=\"noopener\">sujets_finale 2014<\/a><\/p>\n<div class=\"entry-content\">\n<p>Vous trouverez sur le site une photo (montage, para\u00eet-il) panoramique de la salle pendant l\u2019\u00e9preuve. Je f\u00e9licite et remercie J.P. Sutto pour l\u2019autorisation de publication.<\/p>\n<p>Mes remerciements ensuite : Ils concernent tous les coll\u00e8gues ayant particip\u00e9 \u00e0 cette action, pas seulement ceux qui sont venus \u00e0 Narbonne. Je tiens \u00e0 citer particuli\u00e8rement ceux qui ont oeuvr\u00e9 sur la sc\u00e8ne mercredi, Isabelle B. , Bernard C. , Laurent B. , Marl\u00e8ne G., le vacancier parisien, et ceux qui ont trait\u00e9 les r\u00e9sultats, autant pour l\u2019entr\u00e9e des r\u00e9sultats sur informatique que pour les d\u00e9partages d\u2019ex-aequos.<\/p>\n<p>P. Marthe<\/p>\n<\/div>\n<p>&nbsp;<\/p>\n","protected":false},"excerpt":{"rendered":"<p>Historique La finale de l&rsquo;\u00e9dition 2014 s&rsquo;est d\u00e9roul\u00e9e le mercredi 16 avril 2014 au Palais des Sports des Arts et du Travail de la ville de Narbonne, sous la pr\u00e9sidence de M. Lamberte, Principal du coll\u00e8ge Les Mailheuls (Coursan) et &hellip; <a href=\"https:\/\/www.calculmentalcoursan.fr\/?page_id=72\">Continuer la lecture <span class=\"meta-nav\">&rarr;<\/span><\/a><\/p>\n","protected":false},"author":2,"featured_media":0,"parent":16,"menu_order":0,"comment_status":"closed","ping_status":"closed","template":"","meta":[],"_links":{"self":[{"href":"https:\/\/www.calculmentalcoursan.fr\/index.php?rest_route=\/wp\/v2\/pages\/72"}],"collection":[{"href":"https:\/\/www.calculmentalcoursan.fr\/index.php?rest_route=\/wp\/v2\/pages"}],"about":[{"href":"https:\/\/www.calculmentalcoursan.fr\/index.php?rest_route=\/wp\/v2\/types\/page"}],"author":[{"embeddable":true,"href":"https:\/\/www.calculmentalcoursan.fr\/index.php?rest_route=\/wp\/v2\/users\/2"}],"replies":[{"embeddable":true,"href":"https:\/\/www.calculmentalcoursan.fr\/index.php?rest_route=%2Fwp%2Fv2%2Fcomments&post=72"}],"version-history":[{"count":8,"href":"https:\/\/www.calculmentalcoursan.fr\/index.php?rest_route=\/wp\/v2\/pages\/72\/revisions"}],"predecessor-version":[{"id":908,"href":"https:\/\/www.calculmentalcoursan.fr\/index.php?rest_route=\/wp\/v2\/pages\/72\/revisions\/908"}],"up":[{"embeddable":true,"href":"https:\/\/www.calculmentalcoursan.fr\/index.php?rest_route=\/wp\/v2\/pages\/16"}],"wp:attachment":[{"href":"https:\/\/www.calculmentalcoursan.fr\/index.php?rest_route=%2Fwp%2Fv2%2Fmedia&parent=72"}],"curies":[{"name":"wp","href":"https:\/\/api.w.org\/{rel}","templated":true}]}}